2*t - p. Calculate the greatest common divisor of t and 54.
6
Suppose -2*d - 33*l = -36*l - 1393, 5 = -l. Calculate the greatest common factor of d and 676.
13
Let n be 53/(6625/(-20900))*(-30)/4. What is the greatest common divisor of 330 and n?
66
Let t(h) = 6*h - 2. Let l be t(-6). Let d = -37 - l. Suppose -7*n = -8*n + 5. Calculate the greatest common factor of n and d.
1
Suppose 42 = -729*x + 723*x. Let f be 273 + (-28)/(28/x). Calculate the highest common factor of f and 40.
40
Let u = 456 - 456. Suppose 69*k - 59*k - 3950 = u. What is the highest common divisor of 158 and k?
79
Let h be (-52)/((-1)/3*3/(-2)). Let j = -35 - h. Suppose 29*u - 32*u + j = 0. Calculate the greatest common factor of 92 and u.
23
Suppose 4*c - 308 = -4*y - 48, 2*c + 158 = 2*y. What is the highest common divisor of y and 100?
4
Let a(j) = 26*j + 165. Let d be a(-6). Suppose 11*p = -d*p + 1920. What is the highest common factor of p and 6?
6
Suppose 173 = 3*i - 25. Suppose 6*s = i + 6. Let w(a) = a**3 - a**2 - 7*a - 6. Let h be w(6). What is the greatest common divisor of h and s?
12
Let q = 12903 + -12351. Calculate the highest common factor of q and 372.
12
Let r be 6/(-57) + (547272/(-1824))/(3/(-8)). Calculate the greatest common divisor of 12 and r.
4
Let f = 185 - 182. Suppose -f*b + 49 = -m + 2*m, b = 5*m - 277. What is the highest common factor of m and 99?
11
Suppose 5*k + 3*o = 147, 0*k + 5*o - 74 = -2*k. Suppose 8879 = 9246*f - 9324*f + 36257. Calculate the greatest common factor of k and f.
27
Let w = 17483 + -17330. Calculate the greatest common divisor of 19584 and w.
153
Suppose -62030 - 14752 - 19798 = -439*l. What is the highest common factor of 5860 and l?
20
Let s = -1149 + 1172. Calculate the greatest common divisor of 4577 and s.
23
Suppose v - 5*d - 20 = 0, 5*v + 8*d = 6*d + 154. Suppose -2*p + 2*i = -3*i - 280, 2*p = 3*i + 276. What is the greatest common divisor of v and p?
15
Let o = 701 - 465. Suppose 0 = -3*r - 3, 3*t - r - o = -2*t. Suppose -9*y + 205 = -t. What is the highest common divisor of 4 and y?
4
Let q = 17501 + -12429. Calculate the greatest common divisor of 64 and q.
16
Suppose -573 = 18*y - 2193. Calculate the greatest common factor of 1422 and y.
18
Let j(d) = 11*d + 10. Let m be j(-4). Let b be 17/m + ((-262)/(-4) - -1). Suppose a - 4*a = -297. Calculate the greatest common divisor of b and a.
33
Let s(m) = m**3 + 13*m**2 + 13*m + 21. Suppose 5*p + 4*i = -35, 2*i - 15 = -i. Let d be s(p). What is the greatest common divisor of d and 45?
15
Let a be (-44)/22*(-16)/(8 - 4)*50. Calculate the highest common factor of a and 740.
20
Suppose -2*j = -2*y - 54, -8*j + 9*j = -9*y - 33. Calculate the highest common divisor of 1421 and j.
7
Suppose -5*g - 1016 - 1304 = 0. Let o = 1034 + g. Calculate the greatest common factor of 30 and o.
30
Suppose 107*z - 1088 - 517 = 0. Calculate the greatest common divisor of z and 4080.
15
Suppose 0 = 14*n + 195 - 4003. What is the greatest common factor of n and 459?
17
Let q be 1*1*6782 + 92/(-1334)*-58. What is the greatest common divisor of q and 58?
58
Let m(a) = -3*a + 7. Let o be m(0). Suppose k = 9 - o. Suppose -f + 3*p + 237 = k*f, -5*f + p + 399 = 0. Calculate the greatest common factor of f and 32.
16
Suppose -11*c + 14*c - 3*o - 3 = 0, c - 7 = -2*o. Suppose 0 = w + r - 121, -c*r + 5*r = -5*w + 593. Calculate the greatest common divisor of w and 13.
13
Let a be 206/14*315/90*2 + 1. Calculate the highest common divisor of 4147 and a.
13
Suppose 0 = -5*t + 2*a + 2*a + 8, -5*t = -a - 2. Let r be (t/(-6))/1 - (-25 - -1). Suppose 2*s - 32 = -2*s. Calculate the greatest common divisor of s and r.
8
Suppose -8*k + 3771 = -2*k + 855. Calculate the greatest common divisor of k and 270.
54
Let l(r) = 27 + 6*r - 4*r**3 - r**2 + 6*r**3 + 26*r**2. Let h be l(-11). Calculate the greatest common factor of 12 and h.
12
Let h be ((-3504)/9 - 3)*(-16 - -13). Calculate the highest common divisor of h and 428.
107
Let m be (-1 + -2)/(-1 + 0). Let j be 32 + (-1 - -13)*1. Suppose 3*h = h + m*b + 44, -2*h = 2*b - j. Calculate the greatest common divisor of h and 2.
2
Let u be (-8)/(-6)*(-5 + -100)/7. Let q be (-52)/(-6) + (u/12)/(-5). Calculate the greatest common factor of q and 3.
3
Let g(d) = 37*d - 136. Let m be g(-8). Let s = -117 - m. Calculate the highest common factor of s and 189.
63
Let i = 671 + -682. Let m be (i*7/21)/(2/(-6)). Suppose -7 = -g + 4. What is the highest common divisor of m and g?
11
Let y(d) be the second derivative of 5*d**4/12 + 7*d**3/6 + 15*d**2/2 + 50*d. Let q be y(-5). Calculate the greatest common factor of 15 and q.
15
Let r be 880896/(-1480)*(-5)/4. What is the greatest common divisor of r and 48?
24
Suppose -4126 - 1382 = -3*h + 3*n, -3*h + 5*n = -5520. Calculate the greatest common factor of 30 and h.
30
Suppose -285*q + 219*q + 2129 = -775. Calculate the highest common divisor of q and 5489.
11
Let s(c) = -c**3 - 7*c**2 - 14*c - 16. Let x be s(-5). Suppose -x*o + 127 = -193. Calculate the greatest common factor of 60 and o.
20
Suppose 1932 = 2*q - 6*q - 4*x, 5*q + 3*x = -2407. Let o = q + 754. What is the highest common factor of 25 and o?
25
Let g(b) = 18*b + 16*b - b. Let x be g(2). Let u(f) = f**3 - 86*f**2 - 264*f - 261. Let a be u(89). Calculate the greatest common divisor of x and a.
6
Let t be ((-10)/2 - 34/16*-2)*-2020. What is the greatest common divisor of t and 195?
15
Let b be (-9)/12 + (-2 - (-6230)/8). Let s = 1331 - b. Calculate the greatest common factor of 15 and s.
15
Suppose 0 = 25*f + 1952 - 16127. Calculate the greatest common factor of f and 1053.
81
Let z(l) = -2*l**2 + 28*l + 9. Let d be (-2 - -1) + 410/41. Let a be z(d). Calculate the highest common factor of a and 891.
99
Suppose -6*w + 536 = 140. Let g = w - 69. Let c be g/(-2)*(-5)/((-20)/264). Calculate the highest common divisor of 11 and c.
11
Let z(y) = 6*y + 220. Let w(b) = b**2 + b - 2. Let u be w(1). Let n be z(u). Let r be 2/12*2 - n/(-132). What is the greatest common divisor of 1 and r?
1
Let f be (3 + (-7)/2)/(1/(-58)). Let a be (-1)/4*-1564 - 14. Calculate the greatest common divisor of a and f.
29
Suppose 5*a - t - 4274 = 0, 4*t - 722 = -a + 137. Suppose -11*b + 2*o = -16*b + 1044, -a = -4*b + 5*o. Calculate the highest common factor of 6 and b.
6
Let q = 17 + -13. Suppose 2 + 14 = -q*y. Let d be y/10 + (-726)/(-15). What is the highest common factor of d and 16?
16
Suppose -39*q + 111 = -2*q. Suppose 5*t - 8 = -5*i + 57, 0 = -4*i + q*t + 87. What is the greatest common factor of 9 and i?
9
Suppose 0 = -3*n - 6, -3*x + 60 + 100 = -2*n. Calculate the highest common divisor of 364 and x.
52
Suppose 80 + 36 = 4*m. What is the highest common divisor of 5046 and m?
29
Let x(o) = -2*o**3 + 70*o**2 + 186*o + 146. Let z be x(35). What is the greatest common divisor of 65 and z?
13
Let b = -8982 + 9234. Calculate the greatest common factor of b and 32004.
252
Let c(p) = -p**2 + 12*p - 28. Let i be c(6). Suppose 114 = i*h - 5*h. Suppose t - 1 = -6, 2*t = 2*k - 86. What is the greatest common factor of h and k?
38
Suppose -27*u = -5*y - 23*u + 2220, 4*y + u - 1797 = 0. Calculate the greatest common factor of 2632 and y.
56
Let k be (-52)/(-39)*(44*-1 - 1). Let t be 2/(-20) - 3366/k. Calculate the greatest common divisor of t and 42.
14
Let h be ((-1)/(-2))/((-3)/(-18)). Let x be 4081/28 + 2/8. Let u = x - 119. Calculate the highest common factor of u and h.
3
Suppose 3816*n - 3825*n + 32 + 3874 = 0. Calculate the highest common factor of 1890 and n.
14
Let d = -1398 - -1647. What is the greatest common factor of 6 and d?
3
Let o = -586 + 579. Let y be o/((-84)/(-30))*(-56)/10. What is the highest common factor of y and 280?
14
Let q = -1153 - -1363. Let l be 6 - (-3 + -2 + 4). What is the greatest common factor of q and l?
7
Let v(d) = d**2 - 25*d + 248. Suppose -4*c - l = -43, 2*c - 4*l = 58 - 14. Let h be v(c). Calculate the highest common divisor of 115 and h.
23
Let a(u) = -18 + 97 - 2*u - 27. Let t be a(13). Calculate the highest common divisor of 234 and t.
26
Let y(q) = -q**2 + 34. Let c be y(0). Suppose -49*f = -50*f - 6, 4*f - 1200 = -4*k. What is the greatest common factor of k and c?
34
Let z be -25*2/(-2)*1. Suppose 175*c - 169*c - 1518 = 0. Let p = c + -78. Calculate th